+ 4. Let a(c) = c**3 + c**2 - 4. Let m be a(0). Let h = m + 4. Calculate l(h).
4
Let c(v) be the first derivative of 2*v - v**2 - 5/12*v**4 + 1/20*v**5 - 5/6*v**3 + 2. Let d(r) be the first derivative of c(r). What is d(6)?
4
Let m be (-4)/2*3/(-6). Let t(g) = -1 - 854*g + 4*g**3 - 854*g + 1709*g. What is t(m)?
4
Let o(b) = 4 + 6 + 35*b - 31*b. What is o(-7)?
-18
Let q(h) = h - 5. Let x = -25 + 18. Let f(t) = -t - 1. Let y be f(x). Suppose 5*r = y*r - 3. Calculate q(r).
-2
Let b(u) = -u**3 - u**2 - 2*u - 3. Suppose 6 = -15*c + 12*c. Determine b(c).
5
Let p(b) = -10*b + 6. Let k(l) be the third derivative of -l**4/12 + l**3/6 + l**2. Let j(g) = 11*k(g) - 2*p(g). Determine j(-1).
1
Let q(d) = -3 + d**2 - 3*d + 0*d**2 + 7*d. Suppose -5*r - 2*b - 15 = 3*b, -3*b + 9 = 0. Calculate q(r).
9
Let n(m) = -5*m - 2. Suppose -2*c - l = 3*c + 31, c + 4*l = 9. Let x(a) = -a**3 - 6*a**2 + 8*a + 5. Let i be x(c). What is n(i)?
8
Suppose 4 = 4*f - 0. Let z(o) = 7*o**2 - 2*o + 5. Let s(n) = 21*n**2 - 6*n + 14. Let y(d) = -4*s(d) + 11*z(d). What is y(f)?
-6
Let r(u) = -3*u + 3. Let b(j) = -10*j + 10. Let f(z) = 2*b(z) - 7*r(z). Calculate f(7).
6
Let d(j) = -j**2 - 2*j - 3. Let y(i) = i. Let q(z) = d(z) + 4*y(z). Let n = 6 - 4. Let g = n - 0. What is q(g)?
-3
Let d(i) = -7*i. Let f(n) = 6*n + 1. Let h(c) = -5*d(c) - 6*f(c). What is h(0)?
-6
Let i(n) = 4*n**3 - 2*n**2 + 4*n - 1. Let m(l) = 9*l**3 - 3*l**2 + 7*l - 2. Let b(d) = 5*i(d) - 3*m(d). Determine b(1).
-8
Let x(w) = -23*w**2 - 3*w + 6. Let z(o) = -24*o**2 - 4*o + 7. Let c(q) = 6*x(q) - 5*z(q). Give c(-1).
-19
Let n(a) = a**3 - a**2 - 5*a + 3. Suppose 0 = 2*k + 1 - 7. Let i be (0/(3/(-3)))/(-1). Let x = i + k. Calculate n(x).
6
Suppose 0 = -2*o - q + 2*q, 10 = 5*q. Let z(c) be the first derivative of -1/3*c**3 - o + 5*c - 5/2*c**2. What is z(-4)?
9
Let l(q) = 2*q - 5*q + 2*q - 1 + 0*q. Determine l(4).
-5
Let d(w) = -5*w**2 - 6*w - 5. Let a(f) = -9*f**2 - 11*f - 10. Let r(i) = -6*a(i) + 11*d(i). Determine r(0).
5
Let v = -9 + 9. Let j(n) = n - 1 + v*n - 3*n**2 - 3 + 0*n**2 + n**3. Calculate j(3).
-1
Let u(p) = -p - 1. Let t(i) = 12*i + 5. Let n(b) = t(b) + 6*u(b). Calculate n(1).
5
Let n(p) = -3*p - 1. Let j = 13 + -12. Calculate n(j).
-4
Suppose 4*f + 2*b - 8 = 0, 6*f - 4*f + 3*b = 12. Let v(d) be the third derivative of d**6/120 + d**5/60 + 7*d**3/6 + 4*d**2. Calculate v(f).
7
Let a(j) be the first derivative of -j**3/3 + 4*j**2 - 8*j + 3. Let s be a(7). Let o(q) = 7*q. What is o(s)?
-7
Let a(k) = 2*k**3 - 3*k**2 + k + 1. Suppose -2*x - 82 = 4*q - 0*x, -q - 4*x - 31 = 0. Let c = -17 - q. Determine a(c).
7
Let l(s) be the third derivative of 3*s**2 + 1/12*s**4 + 0 + 0*s + 1/60*s**5 + 1/6*s**3. Determine l(-4).
9
Let y(w) be the third derivative of w**4/8 - w**3/2 + 5*w**2. Calculate y(3).
6
Let d(y) = -5 + y**2 - 4 + 7*y + 0 + 0*y**2. What is d(-8)?
-1
Let h(a) = a**2 + 6*a - 9. Let l be h(-8). Suppose -5*p = -l - 3. Suppose o + p = 3*o. Let y(i) = -6*i - 1. Give y(o).
-7
Let j(y) = 6*y + 8. Let l(u) = -u - 1. Let g(z) = j(z) + 5*l(z). Let f = 2 + -2. What is g(f)?
3
Let a(j) = -2*j**3 - j**2 + 3*j - 1. Let h(t) = 6*t**3 + 3*t**2 - 8*t + 2. Let g(m) = -8*a(m) - 3*h(m). Let u be 4/4*2*1. Give g(u).
-18
Let n = 7 + -4. Suppose 1 = -t + n. Suppose 3*a + 25 = -t*a. Let o(v) = v**3 + 5*v**2 - 2*v - 5. Determine o(a).
5
Let b be (-6)/(-8) - (-25)/(-100). Let t(j) be the first derivative of 2*j - 3 + b*j**2. Determine t(-1).
1
Let q(l) = -l - 7. Let w be q(-5). Let x(h) = -h**3 + 2*h + 3. Calculate x(w).
7
Let t(s) = s**2 - s - 4. Let q(a) = -77*a**3 + 2*a - 1. Let k be q(1). Let y = -6 + 10. Let b be k/(-28) + y/14. What is t(b)?
2
Let p(n) = n**3 + 4*n**2 + 2*n - 2. Suppose 15 = -d - 9*k + 11*k, 0 = -d - 4*k + 15. What is p(d)?
-37
Let w(h) = h**2 - 4 + h + 2*h + 4*h - 2*h**2. Let t(g) = -2*g - 6. Let f(b) = -b**3 + b**2 + 5*b - 3. Let u be f(3). Let r be t(u). Give w(r).
2
Let w = 7 + -7. Let y(c) = w*c + c - 3*c + c. Let f = 0 + 5. Calculate y(f).
-5
Let m(h) = 5*h**2 + 2*h + 1. Let f be m(-1). Let z(o) = -3*o + 6*o - f*o. Determine z(-6).
6
Let o(d) = 2*d. Let a = 13 + -8. Calculate o(a).
10
Let y = -5 + 7. Suppose 0 = -3*b - y*x - 4, 5*b + 5*x + 12 = -3. Let k(v) be the third derivative of v**5/30 - v**4/12 + v**3/3 - v**2. What is k(b)?
6
Suppose 3*t - 1 = 2*t. Let n(c) = -2*c**3 - 2*c + 1. Give n(t).
-3
Suppose -2 = 2*p, -4*d + 2 = -p - 15. Let z(v) = 2*v - 5. Calculate z(d).
3
Let z be (1 - 2 - -2) + 1. Let y(u) = u**z - 3 - 20*u + 0 + 18*u. What is y(3)?
0
Let m = 13 - 8. Let u be 42/8 - 1/4. Let y(o) = 2*o - u + 0*o - o. Give y(m).
0
Suppose 5*n - 5 = -6*p + p, 4*n = -5*p + 5. Let f be 4/4*(0 + p). Let y(g) = 0*g**3 + 0*g**3 + 3*g**3 - 2*g**3. Give y(f).
1
Let s(n) = -2 - 3*n**2 + 7*n**2 - n - n**3 + 2*n. Give s(2).
8
Let o(p) = 2*p - 4. Let i(x) = -6. Let n(a) = a - 13. Let g(t) = -5*i(t) + 3*n(t). Let h(u) = 3*g(u) - 5*o(u). Suppose 4*s + 9 = -11. What is h(s)?
-2
Let z(b) = 6*b**3 - b + 1. Let g = 48 + -47. Determine z(g).
6
Let q(m) = m + 10. Suppose 33 = 51*y - 54*y. Determine q(y).
-1
Let h(u) = -u**3 - 7*u**2 - 8*u - 3. Suppose k - 1 + 6 = 0. Determine h(k).
-13
Let t(m) be the first derivative of -m**3 - m**2 - m + 3. Give t(-1).
-2
Suppose -3*q + 12 = 3*i, -q - 10 = -2*i - 4*q. Let n(f) be the first derivative of -2 + 5/2*f**i - 3*f. Give n(3).
12
Let s(q) = -35*q**2 + 69*q**2 - 33*q**2 + q + 1 + 2*q**3. Calculate s(-1).
-1
Suppose -4*p - 19 + 3 = 0. Let s be -1 + p/(-2 + 1). Let r(b) = -b**2 + 7*b - 4. Give r(s).
8
Let z(a) be the second derivative of -a**4/12 + a**3/2 + 2*a. Let g be z(2). Let n(l) = -2*l + 2. What is n(g)?
-2
Suppose 2*d = -d + 6. Let v(a) = -a - 1. Determine v(d).
-3
Let j(z) = z**2 + 10*z + 3. Let o be j(-9). Let n(v) = v**2 + 8*v + 5. Give n(o).
-7
Let l(f) = -f**2 - 4*f + 1. Suppose 3*n - 59 = -5*a, 67 - 11 = 4*n + a. Suppose -5*q + n = 38. What is l(q)?
-4
Suppose 25*s + 20*s = 270. Let w(p) = 3*p - 8. Let b(g) = 4*g - 9. Let c(k) = -4*b(k) + 5*w(k). Calculate c(s).
-10
Let z = -98 + 105. Let g(r) = -2*r + 2. Give g(z).
-12
Suppose -2*x = x + a - 3, 4*x + 5*a = 4. Let s(u) = -25*u**3 + 2*u**2 - 2*u + 1. What is s(x)?
-24
Let k(u) = 3*u**2 - u + 2. Let s be (14 + (-4 - 2))*2/8. Calculate k(s).
12
Let q be 15/(-9) + (-2)/6. Let c be (1/2)/(q/(-16)). Suppose -4*w + 0*o = o - 20, 20 = c*w - 4*o. Let x(i) = i**2 - 3*i - 7. What is x(w)?
3
Let z(o) = 2*o**3 - 4 + 3*o**2 - o**3 + 8 - 3*o. Let r(v) = -v + 1. Let x(d) = 3*d - 2. Let l(f) = 2*r(f) + x(f). Let b be l(-4). Calculate z(b).
0
Let w(l) = -3 - l**3 - l + 2*l + l**2 + 2*l. Let s(b) = 5*b - 5. Let a(y) = -y + 1. Let h(i) = -6*a(i) - s(i). Let q be h(4). Give w(q).
-12
Let s(o) = 2*o**2 + 1. Suppose -1 = 4*k - 5. Give s(k).
3
Let f(u) = 2*u - 1. Let k be f(-2). Let o(t) = -21*t**2 + 26*t - 5. Let v(l) = -8*l**2 + 9*l - 2. Let h(x) = -3*o(x) + 8*v(x). Give h(k).
4
Let m be (-6)/3*1/2. Let d(v) = v**2 + v. What is d(m)?
0
Let v(t) = -t**2 + 2*t - 4. Let g be (6/(-4))/((-4)/8). Calculate v(g).
-7
Suppose -2*l - 2*v = -3*v + 13, -4*v = -5*l - 37. Let i(r) = -2*r + 19. Let s(z) = -3*z + 29. Let w(x) = l*s(x) + 8*i(x). Give w(0).
7
Let v(o) = -o**2 - 2*o - 5. Suppose 68 = 2*d + 76. Give v(d).
-13
Let m = 1 + 2. Let b(x) = -3 + 0*x**2 - 2*x**2 + x**2 + x**m. What is b(0)?
-3
Let a(s) = s - 15. Let h be a(12). Let u(j) = 3*j + 1. What is u(h)?
-8
Let n(u) = u**3 + u**2 - u - 3. Let m(t) = 2*t**2 - 6*t - 8. Let o be m(4). Determine n(o).
-3
Let q(k) = 6*k**3 + 7*k**3 - 14*k**3 + 6*k**2. What is q(6)?
0
Let l(o) be the first derivative of o**4/4 - 2*o**3/3 - o**2 - 2*o + 1. Calculate l(3).
1
Let k(h) be the first derivative of -2*h**3/3 - 2*h - 43. What is k(2)?
-10
Let o(w) = -6*w - 2. Let m(z) = z**2 - 1. Let d be m(-2). Suppose d*b - 3 = 4*x - 29, 2*x = -5*b. What is o(b)?
10
Suppose 8*b = -2*b + 70. Let w(y) = -y**2 + 7*y + 8. Give w(b).
8
Let i be (5/3 - 2)*3. Let h(t) = 7*t + 7. Let d(u) = 15*u + 15. Let w(j) = 6*d(j) - 13*h(j). Give w(i).
0
Let j(t) be the second derivative of t**5/120 + t**4/24 + t**3/3 + t. Let n(u) be the second derivative of j(u). What is n(5)?
6
Let h(p) be the third derivative of -p**6/360 + p**5/24 - 5*p**4/24 - p**3/6 - 2*p**2. Let l(g) be the first derivative of h(g). Give l(6).
-11
Let p(d) be t